s a(4)?
62
Let d(r) = -r**3 + r**2 + 16. What is d(0)?
16
Let r(s) = 6*s**2 - 10*s + 2. Calculate r(3).
26
Let v(x) = x**2 - 7*x - 83. What is v(13)?
-5
Let r(w) = w**3 + 12*w**2 + 32*w - 3. Determine r(-8).
-3
Let n(w) = -w**2 + 5*w + 7. What is n(10)?
-43
Let l(y) = -2*y**2 + 6*y + 4. Determine l(7).
-52
Let b(m) = 2*m**2 + m + 11. What is b(-3)?
26
Let n(t) = -3*t + 67. Calculate n(19).
10
Let x(u) = 37*u + 10. Calculate x(3).
121
Let o(w) = w**3 - 22*w**2 + 34. Calculate o(22).
34
Let g(b) = -2*b**3 + 2*b**2 + 3*b + 2. What is g(-1)?
3
Let w(m) = -2*m**2 + 11*m + 1. Determine w(6).
-5
Let z(v) = 5*v - 31. Calculate z(8).
9
Let x(a) = a**2 - 11*a + 11. Give x(8).
-13
Let n(f) = -f - 34. Determine n(-13).
-21
Let c(d) = -d**3 - d**2 + 10. Calculate c(-4).
58
Let v(p) = p**2 + 3*p - 9. Determine v(-4).
-5
Let h(j) = -j**3 - 24*j**2 - 24*j - 9. Calculate h(-23).
14
Let q(j) = j**2 - 7*j + 4. Determine q(0).
4
Let a(f) = -8*f - 6. Calculate a(-7).
50
Let b(y) = -y**3 - 17*y**2 - 16*y + 20. What is b(-16)?
20
Let k(g) = 21*g + 1. Determine k(1).
22
Let j(r) = -2*r**2 + 13*r + 6. What is j(7)?
-1
Let i(u) = u - 29. What is i(33)?
4
Let z(v) = v**3 - 64*v**2 - 64*v - 45. Determine z(65).
20
Let y(t) = -4*t**3 + 2*t**2 + 2. Determine y(2).
-22
Let w(f) = 32*f + 45. Give w(-2).
-19
Let p(w) = 5*w + 27. What is p(2)?
37
Let b(g) = -2*g**2 - 2*g + 3. Calculate b(3).
-21
Let b(r) = -25*r + 1. What is b(-1)?
26
Let x(v) = -v**3 + 6*v**2 + 5*v + 4. What is x(5)?
54
Let v(h) = -9*h - 4. What is v(0)?
-4
Let h(j) = -j**3 + 26*j**2 - 24*j - 25. What is h(25)?
0
Let c(k) = -2*k**2 + 46*k - 224. Determine c(16).
0
Let n(y) = -2*y**2 + 3*y - 6. Give n(5).
-41
Let y(s) = -4*s**2 + 33*s - 2. Calculate y(8).
6
Let m(j) = j**3 - 7*j**2 + 9*j. Calculate m(4).
-12
Let w(v) = -v**2 + 2*v + 1. Determine w(4).
-7
Let h(a) = a**3 - 6*a**2 - 38*a - 21. Give h(10).
-1
Let t(r) = r - 13. What is t(8)?
-5
Let b(t) = 63*t**2 - 1. Determine b(1).
62
Let s(n) = n**3 - 10*n**2 + 11*n - 1. Give s(2).
-11
Let s(h) = h**3 + 6*h**2 - 16*h + 3. Calculate s(-8).
3
Let w(q) = -q**3 - 19*q**2 + 18*q - 34. Give w(-20).
6
Let f(p) = p**3 + 9*p**2 - 3*p + 5. Calculate f(-9).
32
Let k(d) = -d**3 + 3*d**2 + 2*d. What is k(3)?
6
Let l(y) = -19*y - 3. What is l(-2)?
35
Let i(k) = -k**3 + 5*k**2 + 7*k. Determine i(6).
6
Let z(s) = 2*s**2 - 16*s - 22. Calculate z(9).
-4
Let c(g) = g**2 - 11*g - 7. Determine c(10).
-17
Let d(z) = 3*z - 6. Calculate d(-5).
-21
Let f(x) = x**2 + 11*x - 5. Calculate f(-7).
-33
Let u(o) = -21*o**2 - 2*o + 1. Give u(1).
-22
Let c(p) = -54*p**3 + 3*p**2 - 2. What is c(1)?
-53
Let t(i) = i**3 + 5*i**2 - 3*i - 3. Calculate t(-6).
-21
Let p(l) = -l**3 - l**2 + 2*l + 10. Determine p(0).
10
Let d(h) = -4*h**3 - 4*h + 3. Give d(2).
-37
Let h(w) = -w + 14. Determine h(13).
1
Let w(j) = 28*j + 21. What is w(-1)?
-7
Let t(v) = -v**3 - 21*v**2 - 56*v - 33. Give t(-18).
3
Let z(l) = l**2 - 8*l + 7. What is z(6)?
-5
Let m(y) = y**2 - 4*y - 13. Determine m(5).
-8
Let b(j) = 4*j**3 + 4*j**2 - j - 2. Give b(-3).
-71
Let i(d) = d**2 - d - 19. Determine i(5).
1
Let w(j) = j**3 - 7*j**2 + 7*j + 6. What is w(6)?
12
Let m(z) = -z**3 - 7*z**2 - 4*z + 4. Calculate m(-7).
32
Let d(g) = 3*g - 3. Calculate d(7).
18
Let b(a) = a**3 + 16*a**2 - 21*a - 73. What is b(-17)?
-5
Let v(o) = -o**3 - 21*o**2 - o - 23. What is v(-21)?
-2
Let h(q) = -q**2 + 8*q - 4. Calculate h(8).
-4
Let x(z) = z**2 + 32*z + 250. Give x(-13).
3
Let s(g) = 20*g + 672. Determine s(-34).
-8
Let w(g) = -11*g + 124. Give w(12).
-8
Let z(s) = 17*s - 179. Determine z(11).
8
Let u(f) = 9*f**2. What is u(2)?
36
Let u(y) = -y + 47. Give u(14).
33
Let f(a) = a**3 - 16*a**2 + 27*a + 15. Give f(14).
1
Let v(q) = -2*q**2 - 55*q + 10. Determine v(-28).
-18
Let t(l) = -2*l**2 + 3*l - 4. Give t(5).
-39
Let d(a) = -5*a**2 + 46*a - 19. What is d(9)?
-10
Let j(z) = z**2 + 32*z + 151. Give j(-26).
-5
Let j(h) = -h**2 - h - 11. Calculate j(-5).
-31
Let x(v) = v**3 - 2*v**2 - 2*v - 5. What is x(4)?
19
Let c(t) = -4*t**2 - 2*t + 3. Determine c(-5).
-87
Let y(p) = 6*p. Determine y(2).
12
Let n(s) = 9*s + 271. Give n(-27).
28
Let h(g) = -g**3 + 8*g**2 - 3*g - 20. Give h(7).
8
Let x(o) = 8*o - 196. What is x(25)?
4
Let x(d) = 3*d - 60. Give x(24).
12
Let t(l) = -8*l + 27. Determine t(7).
-29
Let h(y) = y**2 - 11*y + 13. Give h(2).
-5
Let q(n) = -18*n + 1. Calculate q(3).
-53
Let t(m) = 3*m - 35. Determine t(-3).
-44
Let l(v) = -v - 18. Calculate l(-14).
-4
Let z(b) = -b**3 + 8*b**2 - 2*b + 13. What is z(8)?
-3
Let q(u) = -9*u - 233. Determine q(-26).
1
Let v(n) = 8*n**2 - 13*n + 9. Calculate v(3).
42
Let w(a) = a**2 + 7*a + 26. Calculate w(-6).
20
Let h(w) = w**2 - 9*w + 2. Calculate h(9).
2
Let g(h) = h**2 + 4*h - 9. Give g(-5).
-4
Let q(n) = -n**2 - 21*n - 31. What is q(-21)?
-31
Let f(y) = -y**2 + 46. Determine f(-7).
-3
Let n(h) = 35*h**2 - 14*h - 15. What is n(-1)?
34
Let v(j) = j**2 - 5*j - 2. Determine v(7).
12
Let z(k) = -k - 12. Give z(0).
-12
Let j(p) = p**3 + 3*p**2 + 13*p + 45. What is j(-3)?
6
Let c(f) = -2*f**2 - 10*f - 7. What is c(-5)?
-7
Let r(i) = -i**3 + 12*i**2 - 2*i + 17. What is r(12)?
-7
Let z(w) = w**2 - 11*w - 3. Determine z(10).
-13
Let q(c) = c**2 - 24*c + 117. Calculate q(16).
-11
Let o(t) = t**2 - 15*t + 42. What is o(7)?
-14
Let h(l) = l**2 - 32*l + 189. Calculate h(7).
14
Let n(b) = -b**2 - 4*b + 4. Determine n(-8).
-28
Let b(t) = -t**3 - 6*t**2 - t + 10. What is b(-7)?
66
Let s(m) = -3*m**2 - 6*m - 3. What is s(-2)?
-3
Let s(o) = o**3 - 10*o**2 - o + 16. Give s(10).
6
Let c(r) = 2*r**3 - 4*r**2 - 2*r - 5. What is c(4)?
51
Let f(l) = l**3 - 6*l**2 - 3*l + 7. Determine f(5).
-33
Let v(b) = 2*b - 5. What is v(-3)?
-11
Let l(z) = z + 8. Give l(-13).
-5
Let h(o) = -o**3 - 20*o**2 - o - 20. What is h(-20)?
0
Let y(d) = d**3 + 6*d**2 - 2*d - 2. Determine y(-6).
10
Let q(c) = 2*c + 15. What is q(-11)?
-7
Let p(k) = -k**2 - 5*k + 2. What is p(-4)?
6
Let s(w) = -4*w + 21. Determine s(4).
5
Let p(c) = c**3 - 8*c**2 - 10*c + 29. Calculate p(6).
-103
Let j(z) = z**3 - z**2 + 6. Calculate j(0).
6
Let t(s) = -84*s + 7. What is t(1)?
-77
Let f(x) = x**2 - 2*x + 1. Determine f(-6).
49
Let n(u) = -u**3 - 6*u**2 - 2*u - 5. Determine n(-6).
7
Let m(u) = -u**2 - 10*u - 28. What is m(-9)?
-19
Let r(h) = h**3 + 7*h**2 + 12*h - 1. Give r(-4).
-1
Let v(h) = 5*h - 23. Determine v(3).
-8
Let g(u) = u**2 - 8*u - 6. What is g(-1)?
3
Let q(p) = 4*p - 61. Give q(19).
15
Let f(m) = 6*m + 48. Calculate f(-5).
18
Let q(x) = -x**2 + x. Determine q(2).
-2
Let i(n) = n**3 + n**2 + n + 25. What is i(0)?
25
Let h(k) = 139*k + 6. Determine h(0).
6
Let g(h) = -3*h + 3. Calculate g(2).
-3
Let z(d) = 3*d**2 - d - 5. Calculate z(4).
39
Let j(l) = -l**3 - 17*l**2 - 15*l + 15. Determine j(-16).
-1
Let d(o) = 4*o + 33. Determine d(-12).
-15
Let l(c) = 8*c + 13. Give l(-7).
-43
Let r(a) = -a + 13. Determine r(6).
7
Let t(r) = r**2 + 7*r + 2. What is t(-4)?
-10
Let t(y) = -2*y - 2. Calculate t(-3).
4
Let g(w) = -2*w**3 + w**2 + 8*w - 14. Determine g(0).
-14
Let x(q) = -4*q + 6. Give x(7).
-22
Let k(i) = -2*i**2 + 8*i + 22. Give k(-3).
-20
Let f(g) = g**3 + 22*g**2 + g + 26. Calculate f(-22).
4
Let p(x) = -x**3 + x**2 + 3*x - 3. Give p(0).
-3
Let b(f) = -f**3 - 9*f**2 - 9*f - 15. Determine b(-8).
-7
Let z(w) = -6*w**3 - 4*w**2 - 4*w. Give z(-2).
40
Let b(v) = -v**2 - 15*v + 39. Determine b(-17).
5
Let i(v) = v**3 - v**2 - 3*v + 30. Give i(0).
30
Let s(w) = -16*w**2 + w + 1. What is s(3)?
-140
Let d(z) = -2*z**2 + 8*z + 180. What is d(12)?
-12
Let d(z) = -5*z - 110. Give d(-15).
-35
Let a(n) = -n**3 - 4*n**2 + 8*n + 9. What is a(-6)?
33
Let h(w) = 2*w**3 - 4*w**2 + w - 8. Give h(0).
-8
Let r(c) = -c + 8. What is r(4)?
4
Let r(l) = 31*l + 1. What is r(2)?
63
Let x(t) = t**2 + 19*t - 779. Give x(-39).
1
Let v(j) = j**3 - 4*j**2 + j. Determine v(3).
-6
Let g(s) = 6*s + 12. Determine g(-4).
-12
Let b(v) = -6*v - 12. What is b(-3)?
6
Let i(a) = a**3 - 13*a**2 - 3*a + 10. What is i(13)?
-29
Let x(d) = 11*d**3 - d**2. Determine x(1).
10
Let k(r) = -r**2 - 10*r - 13. What is k(-7)?
8
Let y(i) = -i**3 + 4*i**2 + 6*i - 5. What is y(5)?
0
Let p(h) = -h**3 - 2*h**2 + 8*h. Determine p(-4).
0
Let m(d) = -3*d**2 - 17*d + 5. Determine m(-6).
-1
Let r(k) = k**3 - 8*k**2 - 4*k 